k - m. List the prime factors of c.
19
Let d(l) = -312*l - 4. Suppose -5*f = a - 9*f - 3, -4*f - 4 = 0. What are the prime factors of d(a)?
2, 7, 11
Let i = 63 - 62. Let q = 13 + i. What are the prime factors of q?
2, 7
Let l = 5 + -1. Suppose -1 = s + 5*n, -s + l*n = s - 12. Suppose -y + 2*b + 49 = 0, 4*y = -3*b + s*b + 161. List the prime factors of y.
3, 13
Let p = 96 + -92. Let z = 122 + p. What are the prime factors of z?
2, 3, 7
Let q = 275 - 157. What are the prime factors of q?
2, 59
Let d = 15 + -13. Suppose 2*u - 5*m - 13 = 0, 4*u - d*m - m - 19 = 0. Suppose 56 + u = 4*p. List the prime factors of p.
3, 5
Let n(x) = -x - 6. Let f be n(-10). Suppose 5*s + 3*a = 9, -f*s + 3 = -5*s - 3*a. Suppose -s*q = 27 - 117. What are the prime factors of q?
2, 3, 5
Suppose 2*s - b = 4*b - 7, b - 2 = s. Let d(r) = 22*r**2 + 3*r. List the prime factors of d(s).
19
Let x be 65/1*-1 + 4. Let p = 20 - x. What are the prime factors of p?
3
Suppose -184*m = -180*m - 9080. List the prime factors of m.
2, 5, 227
Let d(m) = m**3 - m + 87. Suppose 0 = -0*x + 3*x. Let v be d(x). Suppose 2*k - k = -5*u + v, -k - 93 = -5*u. List the prime factors of u.
2, 3
Let z(i) = 2*i + 6. Let y be z(-4). Let k(m) = 7*m**2 - 5. List the prime factors of k(y).
23
Let q(y) = 62*y + 110. What are the prime factors of q(4)?
2, 179
Let h(k) be the third derivative of -k**4/24 + 3*k**3/2 - 7*k**2. Let z be h(-6). What are the prime factors of 5/(-2)*(-24)/z?
2
Let w = -533 - -1092. What are the prime factors of w?
13, 43
Let m(n) = -2*n + 2*n - n - 14 - 2*n. Let v be m(-6). List the prime factors of -2 - (-19 + -4 + v).
17
Let d be (-80)/(-8)*6/4. Let f = 27 - d. List the prime factors of (8/f)/(-1)*-54.
2, 3
Suppose 25*v - 30*v = -2895. List the prime factors of v.
3, 193
Let u = 779 + -355. What are the prime factors of u?
2, 53
Let s be 0 + (-5)/1 - -389. Let p = s + -149. List the prime factors of p.
5, 47
Suppose 0 = -4*t + 3*l + 3896, -4*t + 2*l + 5645 = 1745. What are the prime factors of t?
977
Let c = -143 - -148. Suppose -5*i = -l + 2*l - 190, -i = -c*l - 12. What are the prime factors of i?
37
Suppose 58 = -7*c - 586. Let u = -50 - c. What are the prime factors of u?
2, 3, 7
Let r(l) = 9*l - 16. Let v be r(5). Let x(d) = -69*d**3 + d**2. Let f be x(-1). Let k = f - v. List the prime factors of k.
41
What are the prime factors of ((-140352)/960)/(2/(-20))?
2, 17, 43
Suppose l - 4*l = -69. Let s = l - 19. Suppose -4 = -s*i, 5*t + 3*i = -0*i + 193. What are the prime factors of t?
2, 19
Let w = 80 - 35. Let c = 70 - w. Let t = -18 + c. What are the prime factors of t?
7
Suppose -40*i = -39*i - 368. What are the prime factors of i?
2, 23
Let h = 6 - 1. Let i(a) = 6*a**2 - 6*a - 4. Let d be i(h). Let z = -80 + d. What are the prime factors of z?
2, 3
Suppose d + 2*m - 26 = 0, 4*m - 49 = -3*d + 19. Suppose 3*x = -x, -4*g + 12 = -4*x. Let n = d - g. List the prime factors of n.
13
Suppose -5*r + 3*z + 142 = z, -3*z + 53 = 2*r. What are the prime factors of ((-4)/(-5))/(r/350)?
2, 5
Let u be (80/140)/((-4)/(-98)). Let y(o) = o**2 - o - 2. Let t be y(2). What are the prime factors of u + -1 - 0 - t?
13
Let y = 90 - 90. Suppose y = 13*l - 660 - 1355. List the prime factors of l.
5, 31
Suppose 0 = 2*l - 7 - 5. Let s(h) = 5 + 7*h + 13*h - h**2 - 12*h. What are the prime factors of s(l)?
17
Let n be (-2)/(2 - 1)*-1 + -13. Let v = n - -133. What are the prime factors of v?
2, 61
What are the prime factors of 3 + 1965 + (3 - 6 - -2)?
7, 281
Let u be 2 + 0 + (-282 - (-2)/(-1)). Let h = -197 - u. What are the prime factors of h?
5, 17
Let h = 2432 - 1087. What are the prime factors of h?
5, 269
Let u = 174 + 529. What are the prime factors of u?
19, 37
Let k be (0 - 150/21)/(6/(-42)). Suppose -5*z + 297 = -2*z. Let s = z - k. List the prime factors of s.
7
What are the prime factors of 12/14*-541*(-14)/4?
3, 541
Suppose -254*l = -244*l - 19180. What are the prime factors of l?
2, 7, 137
Suppose -22*y + 855 = -4667. List the prime factors of y.
251
Suppose -5*m - 2*k = -15141 + 1029, 5642 = 2*m - 2*k. List the prime factors of m.
2, 17, 83
Suppose -2*x - 376 = -1766. List the prime factors of x.
5, 139
Suppose k = 2 + 1. Let p(x) = 5*x - 8*x**2 + x**k - 9 + 9*x - x + 0*x. List the prime factors of p(7).
3, 11
Suppose 14*h = 5*h + 8082. List the prime factors of h.
2, 449
Suppose 2*i - 101 = -5*y, -2*i = 6*y - 7*y - 83. What are the prime factors of i?
43
Suppose 0 = -6*s - 6*s + 11388. What are the prime factors of s?
13, 73
What are the prime factors of 6*9/(-81)*3846/(-4)?
641
Let k(o) = 7*o**3 - 5*o**2 + 4*o + 6. Let w(u) = -u**3 - u - 1. Let m(t) = k(t) + 6*w(t). Let x be m(6). Let f = x - -1. List the prime factors of f.
5
Let f be 0 + ((-6)/3 - 32). Let v = f - -131. List the prime factors of v.
97
Let o(v) = -v**3 - v**2 - v - 1. Let n be o(-1). Let h(s) = s**2 + 17*s - 56. Let c(u) = -3*u. Let k(a) = -6*c(a) - h(a). List the prime factors of k(n).
2, 7
Let g(x) = -x + 23. Suppose -o = 3*o + 3*l - 215, 3*o - l - 145 = 0. Suppose o = 3*r - 1. List the prime factors of g(r).
2, 3
Let d(x) be the second derivative of 1/2*x**2 - x + 0 + 1/6*x**3. List the prime factors of d(5).
2, 3
Suppose 0*q - 70 = -5*q. Suppose 0*p + q = p. Suppose -2*u + p + 34 = 0. List the prime factors of u.
2, 3
Let a = 228 + -89. Let k = 173 - a. List the prime factors of k.
2, 17
Suppose -5*m + u = 2*u - 1401, -5*m + 3*u = -1417. Let w = m + -158. What are the prime factors of w?
3, 41
Let l be ((-6)/4)/((-15)/(-20)). Let r = -1 + l. List the prime factors of (-6)/4*40/r.
2, 5
Let o = 720 - -508. List the prime factors of o.
2, 307
Suppose 6*z = z + 5*m + 580, -2*z - m + 244 = 0. Suppose i + i = z. List the prime factors of i.
2, 3, 5
Let m = -900 - -2153. What are the prime factors of m?
7, 179
Suppose 2*k - 2*a - 361 = -a, 0 = 3*k + 2*a - 524. Suppose 2*w - 460 = k. List the prime factors of w.
11, 29
Let y(g) = -g**2 - 3 + 4 - 2 + 2*g**2. Suppose 0 = 2*o - 1 - 7. What are the prime factors of y(o)?
3, 5
Suppose 8 = 7*z - 5*z. Suppose 0 = z*h + h - 115. What are the prime factors of h?
23
List the prime factors of (46/(-69))/((-2)/6291).
3, 233
Let m be 185*(18/10 - 1). What are the prime factors of (m/10)/(1 - (-16)/(-20))?
2, 37
Let p be (-162)/12*2/(-3). Suppose 702 = 22*n - p*n. What are the prime factors of n?
2, 3
Let p = -31 - -51. Suppose 9*v = -34 + 142. Let r = p - v. What are the prime factors of r?
2
Suppose 6 = -u + 2*u + o, 48 = 4*u - 4*o. Let j be u/(-12)*-4 + -4. Let k = 10 - j. List the prime factors of k.
11
Let a(t) = t**2 + t. Suppose -5*n + n - 4 = 0. Let g be a(n). Suppose -2*r + 13 + 3 = g. List the prime factors of r.
2
Let x be (-4)/20 - (-816)/30. Let f be (-1)/(x/30 + -1). What are the prime factors of 2088/30 - 6/f?
3, 23
Suppose 9 = k + 6. Let q(b) = 0*b**2 + 13*b**2 - 10*b - 4*b**3 + 10 + k*b**3. What are the prime factors of q(12)?
2, 17
Let r = -1 - -5. Let n(c) = -r*c - 15 - 5*c + 0*c + c**2. List the prime factors of n(11).
7
Suppose 4*a - 9819 = -5*i, -4*i - 9964 = -5*a + 2361. What are the prime factors of a?
23, 107
Let c be (1 - 70/(-5)) + 0. Suppose k + c = 52. What are the prime factors of k?
37
Suppose -5*c - 9720 = -9*c + 2*h, 0 = -5*c + 4*h + 12147. List the prime factors of c.
11, 13, 17
Let k be (2 - -23)*2/2. Suppose -2*j + 40 = m + 31, j + m = 4. Suppose -k = j*i, -7 - 19 = -r + 2*i. List the prime factors of r.
2
Let i(h) = h**3 - 10*h**2 + 9*h + 8. Let p be i(9). Suppose 3*t - p*t - 380 = 0. List the prime factors of t*(15/(-12))/5.
19
Let o(f) = 11*f**2 - f - 1. Suppose -2*x - 1 = q, -4*x - 7 = -3*q - 0*x. Let n be q/((-1 - 2) + 2). What are the prime factors of o(n)?
11
Let o(n) = 36*n**3 + n**2 - 3*n + 2. Let s be o(1). Suppose -l - 7 = -s. List the prime factors of l.
29
Suppose -2 = y, 3*m + 2*y + 164 = 8*m. Suppose -29 = -3*d - n, 3*d + d - 2*n = m. List the prime factors of (-6)/(-4)*48/d.
2
Let p = 140 + -122. Suppose 0 = -p*a + 13*a + 915. What are the prime factors of a?
3, 61
Let j(b) = -4*b + 33. Let k(y) = -y + 8. Let n(h) = -6*j(h) + 26*k(h). Let v be n(-5). Let o = 19 + v. List the prime factors of o.
3, 13
Suppose 2*p + 3*n + 0*n = 25, -3*p + 3*n = 0. Suppose -f - 2*f - 621 = -p*g, f + 125 = g. What are the prime factors of g?
3, 41
Let